{"id":508,"date":"2017-01-30T19:33:53","date_gmt":"2017-01-30T19:33:53","guid":{"rendered":"http:\/\/demo.ilovewp.com\/faith\/?page_id=10"},"modified":"2023-01-29T10:00:54","modified_gmt":"2023-01-29T15:00:54","slug":"services","status":"publish","type":"page","link":"https:\/\/cer.uni.edu.pe\/index.php\/services\/","title":{"rendered":"Servicios"},"content":{"rendered":"\n<p>El CER-UNI como centro de investigaci\u00f3n especializado emite opiniones informadas y t\u00e9cnicas en las \u00e1reas de energ\u00edas renovables solar, e\u00f3lica, t\u00e9rmica que permite certificar la calidad y la eficiencia, de las inversiones realizadas o programadas en energ\u00edas renovables para aplicaciones industriales y de desarrollo sostenible.<\/p>\n\n\n\n<p>Nuestro portafolio de servicios e investigaci\u00f3n se centra en cuatro \u00e1reas: solar t\u00e9rmica, solar fotovoltaica, integraci\u00f3n de sistemas fotovoltaicos a la red y confort t\u00e9rmico para viviendas rurales.<\/p>\n\n\n\n<div class=\"wp-block-group ilovewp-pattern ilovewp-pattern__cta-columns ilovewp-pattern__cta-columns--1\"><div class=\"wp-block-group__inner-container is-layout-flow wp-block-group-is-layout-flow\">\n<div class=\"wp-block-columns is-layout-flex wp-container-core-columns-is-layout-9d6595d7 wp-block-columns-is-layout-flex\">\n<div class=\"wp-block-column is-layout-flow wp-block-column-is-layout-flow\">\n<div class=\"wp-block-group pattern-column__content\"><div class=\"wp-block-group__inner-container is-layout-flow wp-block-group-is-layout-flow\">\n<h3 class=\"has-text-align-center has-normal-font-size wp-block-heading\" style=\"text-transform:uppercase\"><strong>Dise\u00f1o de sistemas fotovoltaicos aut\u00f3nomos, aislados y conectados a la red<\/strong><\/h3>\n\n\n\n<p class=\"has-text-align-center has-small-font-size\">Brindamos asesor\u00edas t\u00e9cnicas y consultor\u00eda en el proceso de instalaci\u00f3n de los sistemas fotovoltaicos para cubir sus requerimientos energ\u00e9ticos productivos basado en la generaci\u00f3n el\u00e9ctrica a partir del sol usando paneles solares.<\/p>\n\n\n\n<p class=\"has-text-align-center\">Learn More \u2192<\/p>\n<\/div><\/div>\n<\/div>\n\n\n\n<div class=\"wp-block-column is-layout-flow wp-block-column-is-layout-flow\">\n<div class=\"wp-block-group pattern-column__content\"><div class=\"wp-block-group__inner-container is-layout-flow wp-block-group-is-layout-flow\">\n<h3 class=\"has-text-align-center has-normal-font-size wp-block-heading\" style=\"text-transform:uppercase\"><strong>T\u00e9cnicas bioclim\u00e1ticas para litoral, andes y amazon\u00eda peruana<\/strong><\/h3>\n\n\n\n<p class=\"has-text-align-center has-small-font-size\">Brindamos asesor\u00edas t\u00e9cnicas y consultor\u00eda en el proceso de instalaci\u00f3n de los sistemas fotovoltaicos para cubir sus requerimientos energ\u00e9ticos productivos basado en la generaci\u00f3n el\u00e9ctrica a partir del sol usando paneles solares.<\/p>\n\n\n\n<p class=\"has-text-align-center\">Learn More \u2192<\/p>\n<\/div><\/div>\n<\/div>\n<\/div>\n<\/div><\/div>\n","protected":false},"excerpt":{"rendered":"<p>El CER-UNI como centro de investigaci\u00f3n especializado emite opiniones informadas y t\u00e9cnicas en las \u00e1reas de energ\u00edas renovables solar, e\u00f3lica, t\u00e9rmica que permite certificar la&hellip;<\/p>\n","protected":false},"author":1,"featured_media":8,"parent":0,"menu_order":0,"comment_status":"closed","ping_status":"closed","template":"","meta":{"footnotes":""},"class_list":["post-508","page","type-page","status-publish","has-post-thumbnail","hentry"],"_links":{"self":[{"href":"https:\/\/cer.uni.edu.pe\/index.php\/wp-json\/wp\/v2\/pages\/508","targetHints":{"allow":["GET"]}}],"collection":[{"href":"https:\/\/cer.uni.edu.pe\/index.php\/wp-json\/wp\/v2\/pages"}],"about":[{"href":"https:\/\/cer.uni.edu.pe\/index.php\/wp-json\/wp\/v2\/types\/page"}],"author":[{"embeddable":true,"href":"https:\/\/cer.uni.edu.pe\/index.php\/wp-json\/wp\/v2\/users\/1"}],"replies":[{"embeddable":true,"href":"https:\/\/cer.uni.edu.pe\/index.php\/wp-json\/wp\/v2\/comments?post=508"}],"version-history":[{"count":1,"href":"https:\/\/cer.uni.edu.pe\/index.php\/wp-json\/wp\/v2\/pages\/508\/revisions"}],"predecessor-version":[{"id":638,"href":"https:\/\/cer.uni.edu.pe\/index.php\/wp-json\/wp\/v2\/pages\/508\/revisions\/638"}],"wp:featuredmedia":[{"embeddable":true,"href":"https:\/\/cer.uni.edu.pe\/index.php\/wp-json\/wp\/v2\/media\/8"}],"wp:attachment":[{"href":"https:\/\/cer.uni.edu.pe\/index.php\/wp-json\/wp\/v2\/media?parent=508"}],"curies":[{"name":"wp","href":"https:\/\/api.w.org\/{rel}","templated":true}]}}